e 0 = 2*j - 3*k + 7, 7*j + 3*k = 11*j - 1. Let s(g) = g**2 - 3. Let w be s(-5). Suppose b - 2*b = j*i - w, -5*b + 230 = -4*i. List the prime factors of b.
2, 3, 7
Let k = -552 - -1769. What are the prime factors of k?
1217
What are the prime factors of 8*(575/20 + 3/(-2))?
2, 109
Let r(h) = -16*h + 120. List the prime factors of r(-10).
2, 5, 7
Suppose 0 = -h + 3*h. Suppose o - 18 - 2 = h. Let y = o - 13. List the prime factors of y.
7
Suppose 0 = -4*u + 2*n + 1558, n = -3*u + 3*n + 1170. Suppose -155 - u = -4*c + 3*g, 2*c - 4*g - 284 = 0. What are the prime factors of c?
2, 3, 11
What are the prime factors of 3 - (-1)/(1 - (-876)/(-877))?
2, 5, 11
Let b be 1 + 0 + 3 + 1. Suppose x = -5*y + 60 + 38, -2*x = b*y - 171. What are the prime factors of x?
73
Suppose -397 = 8*c - 4445. What are the prime factors of c?
2, 11, 23
Let s(k) = -19*k + 769. What are the prime factors of s(0)?
769
Let j(y) be the first derivative of -y**4/4 - y**3 + 11*y - 2. Suppose -3*t + 50 = -13*t. What are the prime factors of j(t)?
61
Let k(i) = 12*i**2 + 2*i + 4. Let b be (-2 - 22/(-8))*20. Let h be (-54)/30 - 3/b. What are the prime factors of k(h)?
2, 3
Suppose 134*l - 388 = 130*l. Suppose 4*s - 25 = -5*x, -5*x + 27 = 5*s + 2. Suppose x*b - l - 33 = 0. What are the prime factors of b?
2, 13
Suppose 4*h - 345 = h. Suppose -3*z + 54 = y - z, 3*z + h = 2*y. Suppose 3*f + 2*o - y = 38, 5*f + 4*o - 156 = 0. What are the prime factors of f?
2
Let i = -818 - -2378. What are the prime factors of i?
2, 3, 5, 13
Let d = -157 - -299. Let v = -181 - -186. Suppose v*x = -5*q + 405, x = -x + 3*q + d. What are the prime factors of x?
7, 11
Let j be (2 - 8/4)/(-1). Suppose 20 = -b - 5*s, 4*b + 3*s + s + 112 = j. Let p = b + 50. What are the prime factors of p?
2, 5
Suppose 0 = 4*m - 6*m + 5*y + 273, -4*m - 3*y + 481 = 0. List the prime factors of m.
2, 31
Suppose -14*q = -18*q - 8. Let v(u) = 12*u**2 - 3*u - 2. Let b be v(q). Suppose -2*p = 2*p - b. What are the prime factors of p?
13
Let q be 10 - (-7)/(14/(-8)). Let y = q + -6. Let t = 52 - y. What are the prime factors of t?
2, 13
List the prime factors of (6908/(-6))/((-200)/30 - -6).
11, 157
Let j = 44 - 26. Let u = -26 + j. Let f(w) = -w**3 - 8*w**2 - 4*w + 7. What are the prime factors of f(u)?
3, 13
Suppose -3*x + a = -41, 25 = 3*a - 8*a. Suppose n - 54 = x. What are the prime factors of n?
2, 3, 11
List the prime factors of (-3)/(-4) + (-6 - (-30411)/12).
3, 281
Suppose -4*v = -5*x + 11, -3*x + 0 = -v - 1. Let i(q) = -36*q + 8. Let k be i(v). What are the prime factors of 2/(-4) + k/16?
3
Let r be -15*(-4)/36*3. Let i(u) = u**2 + 10*u - 1. List the prime factors of i(r).
2, 37
What are the prime factors of 1/(-1)*41595/(-15)?
47, 59
Let v(o) be the second derivative of -o**5/20 + 3*o**4/4 - o**3 - 3*o**2 + o. Let h be v(8). Suppose 5*j - 3*j = h. What are the prime factors of j?
5
Let g = 3459 + -2424. What are the prime factors of g?
3, 5, 23
Suppose a + 4 = 0, 4*f = 3*a + 1460 + 208. What are the prime factors of f?
2, 3, 23
Suppose -4*s + 5*s - 616 = 0. What are the prime factors of (-3)/2*s/(-12)?
7, 11
Let g = 9890 + -7031. List the prime factors of g.
3, 953
Let b = -57 + 55. List the prime factors of 11 + 6*((-5)/2 - b).
2
Let j = -19 + 13. Let i(a) = 5*a + 4. Let y be i(j). List the prime factors of (-2)/(-7) - y/7.
2
Let r(s) = -3*s**2 + 108. Let v be r(0). Suppose -6*g - v = -7*g. List the prime factors of g.
2, 3
List the prime factors of 11/(144/(-30) - -5).
5, 11
Suppose 2*u - u = 5*f - 29, 4*f = -4*u + 28. Let k be (-3 - -6) + -6*f. Let g = k + 68. List the prime factors of g.
5, 7
Suppose 7*o + 5 = 8*o. Let x(k) = 8*k + 3. What are the prime factors of x(o)?
43
Let l be (-152)/4*(-14 + (-1 - -2)). Suppose 4*k + 0 = -4, k = -3*d + l. List the prime factors of d.
3, 5, 11
Suppose 4*l + 2*b - 5481 = 247, 5*l - 7174 = b. Suppose 0*o + 291 = c + 4*o, -5*c + o = -l. What are the prime factors of c?
7, 41
Suppose -19*n + 15*n = 540. Let r = -66 - n. List the prime factors of r.
3, 23
Suppose 38*i - 40*i + 1768 = 0. List the prime factors of i.
2, 13, 17
List the prime factors of ((-31887)/108)/(4/(-32)).
2, 1181
Let b be (-81)/(-21) - 1/(-7). Suppose 68 = l + 3*l. Let c = l + b. List the prime factors of c.
3, 7
List the prime factors of 6*5/10 + (187 - -1).
191
Let v(p) = -4*p**2 - p - 11. Let l(b) = -3*b**2 - b - 11. Let z(i) = -3*l(i) + 2*v(i). Let x be 26/(-5) + 3/15. List the prime factors of z(x).
31
Let r = 410 - 278. Let i = -67 + r. What are the prime factors of i?
5, 13
Let r(s) = -112*s - 235. What are the prime factors of r(-3)?
101
Suppose -9*b + 12*b = -48. Let d = -24 - b. What are the prime factors of 58*4*(-1)/d?
29
Let i = 761 - -665. List the prime factors of i.
2, 23, 31
Let j = -523 + 1112. What are the prime factors of j?
19, 31
Let v(s) = -6*s + 710. List the prime factors of v(0).
2, 5, 71
Let s = 33 - 38. Let o be 5*(16/s + 4). Suppose -6*h + 2*h + o*l + 120 = 0, 5*h - 4*l = 151. List the prime factors of h.
31
Let y(o) = 143*o + 7. Let m be y(-1). Let a = m - -322. List the prime factors of a.
2, 3, 31
Let d = -23 - -27. Suppose n - 270 = -d*n. List the prime factors of n.
2, 3
Suppose 0 = -4*m, j - m = -2*j. List the prime factors of 0 + 3 + j - -30.
3, 11
Let k(i) = -2*i - 4. Let x be k(-6). Suppose 4*o - x = 0, -2*o = 4*q - 264 - 92. What are the prime factors of q?
2, 11
Let a(p) = -p + 1. Let b be a(7). Let t(y) be the first derivative of -2*y**2 + 12*y - 1. What are the prime factors of t(b)?
2, 3
Suppose 2*d - 4883 = 5*l, 0*l = 4*d + 4*l - 9836. What are the prime factors of d?
2, 3, 409
Let h(i) = 9*i. Let s be h(2). Suppose -3*r + r = -s. Suppose 6*f = r*f - 66. What are the prime factors of f?
2, 11
What are the prime factors of (-6)/8*(-438288)/92?
3, 397
Let i be (-500)/(-180) + (-2)/(-9). Suppose -4*m - i*p + 356 = 0, 5*p = m - 3*m + 178. What are the prime factors of m?
89
Let l(v) = -2*v**2 - 2*v + 216. List the prime factors of l(0).
2, 3
Let w(t) be the first derivative of -t**4/4 + 10*t**3/3 - 3*t + 2. List the prime factors of w(8).
5
Let o(g) = 4*g**3 - 5*g**2 + 4 + g**3 - 6*g**3 + 5*g. Suppose 3*i = -2*f - 24, -3*f + 11 = -3*i + 2. What are the prime factors of o(i)?
2, 5
Let x(w) = -2*w + 10 + 7*w + 0*w + 6*w**2 + w**3. What are the prime factors of x(-4)?
2, 11
Let f(l) = -9*l - 6. Let i be f(-5). Suppose n - i = -t, -13 - 36 = -t + n. List the prime factors of t.
2, 11
Suppose 2*r + 3*s + 456 = 118, 0 = r + s + 169. Let u = -96 - r. What are the prime factors of u?
73
Suppose s - 2*r + 5*r + 41 = 0, -3*r = -s - 41. Let i = s + 60. List the prime factors of i.
19
Let h(n) = -2*n**2 - 14*n - 9. Let d be h(-6). Suppose 0 = d*x - 168 - 42. What are the prime factors of x?
2, 5, 7
Suppose -36 = 2*y - 34. List the prime factors of 609/14 + y/(-2).
2, 11
List the prime factors of ((-7932)/(-39))/(28/182).
2, 661
Let r = -157 - -93. Let w be (-285)/(-76)*r/(-3). Let b = w - 55. What are the prime factors of b?
5
Let m = -7 + 7. Suppose 0 = -2*d - m + 4. Suppose o = g + d*o - 53, -3*g = 4*o - 162. What are the prime factors of g?
2, 5
Let a(d) = 6*d**3 - d**2 + 3*d + 5. Let n be a(-2). List the prime factors of -4 - -4 - -1 - n.
2, 3
Let t = -10 - -16. Let h be -2 + (1 - -1*t). Suppose 3*u - 7*u + 44 = 4*b, 20 = h*u. What are the prime factors of b?
7
Suppose -2*a = 7 - 3. Let q be (a/4)/((-10)/(-160)). Let j = 36 - q. List the prime factors of j.
2, 11
Let y be 474/9*(-4)/(16/12). Let n = -113 - y. What are the prime factors of n?
3, 5
Let v be (2/1 - -476) + (2 - -1). Let c = v + -341. What are the prime factors of c?
2, 5, 7
Let j = -60 + 59. What are the prime factors of (-5)/j*(31 - 0)?
5, 31
Suppose -1 - 44 = 3*u. Let p be (-69 - -4)*(-6)/u. What are the prime factors of (2 + p)*(-8)/12?
2
Let b = -145 - -56. Let g = 142 + b. List the prime factors of g.
53
Let h(w) = -w**2 - w + 1. Let i be h(0). Let j(x) = -2*x**3 - 21*x**2 + 10*x + 7. Let m be j(-11). Let b = m + i. What are the prime factors of b?
19
Suppose 3*o = -o - 36. Let r = o + 28. List the prime factors of r.
19
Suppose -115 = -f - 30. Let c = 115 - f. List the prime factors of c.
2, 3, 5
Suppose 2917 = 5*k - 1498. List the prime factors of k.
883
Let w = 360 - -192. List the prime factors of w.
2, 3,